[INFO] cloning repository https://github.com/Don42/rust-coreutils
[INFO] running `Command { std: "git" "-c" "credential.helper=" "-c" "credential.helper=/workspace/cargo-home/bin/git-credential-null" "clone" "--bare" "https://github.com/Don42/rust-coreutils" "/workspace/cache/git-repos/https%3A%2F%2Fgithub.com%2FDon42%2Frust-coreutils", kill_on_drop: false }`
[INFO] [stderr] Cloning into bare repository '/workspace/cache/git-repos/https%3A%2F%2Fgithub.com%2FDon42%2Frust-coreutils'...
[INFO] running `Command { std: "git" "rev-parse" "HEAD", kill_on_drop: false }`
[INFO] [stdout] d17d049a98273e07cdc7a2628c457c04e747d772
[INFO] checking Don42/rust-coreutils against master#af3c6e733a40e671550e0f0f5aeecaa13772ba56 for pr-74989
[INFO] running `Command { std: "git" "clone" "/workspace/cache/git-repos/https%3A%2F%2Fgithub.com%2FDon42%2Frust-coreutils" "/workspace/builds/worker-5/source", kill_on_drop: false }`
[INFO] [stderr] Cloning into '/workspace/builds/worker-5/source'...
[INFO] [stderr] done.
[INFO] validating manifest of git repo https://github.com/Don42/rust-coreutils on toolchain af3c6e733a40e671550e0f0f5aeecaa13772ba56
[INFO] running `Command { std: "/workspace/cargo-home/bin/cargo" "+af3c6e733a40e671550e0f0f5aeecaa13772ba56" "read-manifest" "--manifest-path" "Cargo.toml", kill_on_drop: false }`
[INFO] started tweaking git repo https://github.com/Don42/rust-coreutils
[INFO] finished tweaking git repo https://github.com/Don42/rust-coreutils
[INFO] tweaked toml for git repo https://github.com/Don42/rust-coreutils written to /workspace/builds/worker-5/source/Cargo.toml
[INFO] crate git repo https://github.com/Don42/rust-coreutils already has a lockfile, it will not be regenerated
[INFO] running `Command { std: "/workspace/cargo-home/bin/cargo" "+af3c6e733a40e671550e0f0f5aeecaa13772ba56" "fetch" "--locked" "--manifest-path" "Cargo.toml", kill_on_drop: false }`
[INFO] [stderr] error: the lock file /workspace/builds/worker-5/source/Cargo.lock needs to be updated but --locked was passed to prevent this
[INFO] [stderr] If you want to try to generate the lock file without accessing the network, use the --offline flag.
[INFO] the lockfile is outdated, regenerating it
[INFO] running `Command { std: "/workspace/cargo-home/bin/cargo" "+af3c6e733a40e671550e0f0f5aeecaa13772ba56" "generate-lockfile" "--manifest-path" "Cargo.toml" "-Zno-index-update", kill_on_drop: false }`
[INFO] running `Command { std: "/workspace/cargo-home/bin/cargo" "+af3c6e733a40e671550e0f0f5aeecaa13772ba56" "fetch" "--locked" "--manifest-path" "Cargo.toml", kill_on_drop: false }`
[INFO] running `Command { std: "docker" "create" "-v" "/var/lib/crater-agent-workspace/builds/worker-5/target:/opt/rustwide/target:rw,Z" "-v" "/var/lib/crater-agent-workspace/builds/worker-5/source:/opt/rustwide/workdir:ro,Z" "-v" "/var/lib/crater-agent-workspace/cargo-home:/opt/rustwide/cargo-home:ro,Z" "-v" "/var/lib/crater-agent-workspace/rustup-home:/opt/rustwide/rustup-home:ro,Z" "-e" "SOURCE_DIR=/opt/rustwide/workdir" "-e" "CARGO_TARGET_DIR=/opt/rustwide/target" "-e" "CARGO_HOME=/opt/rustwide/cargo-home" "-e" "RUSTUP_HOME=/opt/rustwide/rustup-home" "-w" "/opt/rustwide/workdir" "-m" "1610612736" "--user" "0:0" "--network" "none" "rustops/crates-build-env@sha256:d92eaeed33fa75130ca1ee6c8a01d1ffb62bac859dfdfb3450e3e5d1c0146529" "/opt/rustwide/cargo-home/bin/cargo" "+af3c6e733a40e671550e0f0f5aeecaa13772ba56" "metadata" "--no-deps" "--format-version=1", kill_on_drop: false }`
[INFO] [stdout] fbfd4ecc8eb549e013fa699a494ec84a24986082955c44a89ef9e153dceaf757
[INFO] [stderr] WARNING: Your kernel does not support swap limit capabilities or the cgroup is not mounted. Memory limited without swap.
[INFO] running `Command { std: "docker" "start" "-a" "fbfd4ecc8eb549e013fa699a494ec84a24986082955c44a89ef9e153dceaf757", kill_on_drop: false }`
[INFO] running `Command { std: "docker" "inspect" "fbfd4ecc8eb549e013fa699a494ec84a24986082955c44a89ef9e153dceaf757", kill_on_drop: false }`
[INFO] running `Command { std: "docker" "rm" "-f" "fbfd4ecc8eb549e013fa699a494ec84a24986082955c44a89ef9e153dceaf757", kill_on_drop: false }`
[INFO] [stdout] fbfd4ecc8eb549e013fa699a494ec84a24986082955c44a89ef9e153dceaf757
[INFO] running `Command { std: "docker" "create" "-v" "/var/lib/crater-agent-workspace/builds/worker-5/target:/opt/rustwide/target:rw,Z" "-v" "/var/lib/crater-agent-workspace/builds/worker-5/source:/opt/rustwide/workdir:ro,Z" "-v" "/var/lib/crater-agent-workspace/cargo-home:/opt/rustwide/cargo-home:ro,Z" "-v" "/var/lib/crater-agent-workspace/rustup-home:/opt/rustwide/rustup-home:ro,Z" "-e" "SOURCE_DIR=/opt/rustwide/workdir" "-e" "CARGO_TARGET_DIR=/opt/rustwide/target" "-e" "CARGO_INCREMENTAL=0" "-e" "RUST_BACKTRACE=full" "-e" "RUSTFLAGS=--cap-lints=forbid" "-e" "CARGO_HOME=/opt/rustwide/cargo-home" "-e" "RUSTUP_HOME=/opt/rustwide/rustup-home" "-w" "/opt/rustwide/workdir" "-m" "1610612736" "--user" "0:0" "--network" "none" "rustops/crates-build-env@sha256:d92eaeed33fa75130ca1ee6c8a01d1ffb62bac859dfdfb3450e3e5d1c0146529" "/opt/rustwide/cargo-home/bin/cargo" "+af3c6e733a40e671550e0f0f5aeecaa13772ba56" "check" "--frozen" "--all" "--all-targets" "--message-format=json", kill_on_drop: false }`
[INFO] [stdout] 0bbee9d0f1164d5b69b8493332edc7ed6d893f770655df8b0c5ca4633c1d08a4
[INFO] [stderr] WARNING: Your kernel does not support swap limit capabilities or the cgroup is not mounted. Memory limited without swap.
[INFO] running `Command { std: "docker" "start" "-a" "0bbee9d0f1164d5b69b8493332edc7ed6d893f770655df8b0c5ca4633c1d08a4", kill_on_drop: false }`
[INFO] [stderr]    Compiling proc-macro2 v1.0.21
[INFO] [stderr]    Compiling unicode-xid v0.2.1
[INFO] [stderr]    Compiling version_check v0.9.2
[INFO] [stderr]    Compiling syn v1.0.40
[INFO] [stderr]    Compiling serde_derive v1.0.116
[INFO] [stderr]    Compiling serde v1.0.116
[INFO] [stderr]     Checking lazy_static v1.4.0
[INFO] [stderr]    Compiling const_fn v0.4.2
[INFO] [stderr]     Checking unicode-width v0.1.8
[INFO] [stderr]     Checking strsim v0.9.3
[INFO] [stderr]     Checking thread_local v1.0.1
[INFO] [stderr]     Checking getopts v0.2.21
[INFO] [stderr]     Checking regex v1.3.9
[INFO] [stderr]    Compiling standback v0.2.10
[INFO] [stderr]    Compiling time v0.2.19
[INFO] [stderr]    Compiling quote v1.0.7
[INFO] [stderr]    Compiling time-macros-impl v0.1.1
[INFO] [stderr]     Checking time-macros v0.1.0
[INFO] [stderr]     Checking docopt v1.1.0
[INFO] [stderr]     Checking rust-coreutils v0.0.1 (/opt/rustwide/workdir)
[INFO] [stdout] error[E0425]: cannot find function `get_time` in crate `time`
[INFO] [stdout]    --> src/touch/touch.rs:144:31
[INFO] [stdout]     |
[INFO] [stdout] 144 |         let time_spec = time::get_time();
[INFO] [stdout]     |                               ^^^^^^^^ not found in `time`
[INFO] [stdout] 
[INFO] [stdout] 
[INFO] [stdout] error[E0425]: cannot find function `get_time` in crate `time`
[INFO] [stdout]    --> src/touch/touch.rs:144:31
[INFO] [stdout]     |
[INFO] [stdout] 144 |         let time_spec = time::get_time();
[INFO] [stdout]     |                               ^^^^^^^^ not found in `time`
[INFO] [stdout] 
[INFO] [stdout] 
[INFO] [stdout] warning: use of deprecated associated function `std::error::Error::description`: use the Display impl or to_string()
[INFO] [stdout]    --> src/base64/base64.rs:104:64
[INFO] [stdout]     |
[INFO] [stdout] 104 |             Err(why) => panic!("Error reading from stdin: {}", Error::description(&why)),
[INFO] [stdout]     |                                                                ^^^^^^^^^^^^^^^^^^
[INFO] [stdout]     |
[INFO] [stdout]     = note: `#[warn(deprecated)]` on by default
[INFO] [stdout] 
[INFO] [stdout] 
[INFO] [stdout] warning: use of deprecated associated function `std::error::Error::description`: use the Display impl or to_string()
[INFO] [stdout]    --> src/base64/base64.rs:110:66
[INFO] [stdout]     |
[INFO] [stdout] 110 | ...                   Error::description(&why)),
[INFO] [stdout]     |                       ^^^^^^^^^^^^^^^^^^
[INFO] [stdout] 
[INFO] [stdout] 
[INFO] [stdout] warning: use of deprecated associated function `std::error::Error::description`: use the Display impl or to_string()
[INFO] [stdout]    --> src/base64/base64.rs:104:64
[INFO] [stdout]     |
[INFO] [stdout] 104 |             Err(why) => panic!("Error reading from stdin: {}", Error::description(&why)),
[INFO] [stdout]     |                                                                ^^^^^^^^^^^^^^^^^^
[INFO] [stdout]     |
[INFO] [stdout]     = note: `#[warn(deprecated)]` on by default
[INFO] [stdout] 
[INFO] [stdout] 
[INFO] [stdout] warning: use of deprecated associated function `std::error::Error::description`: use the Display impl or to_string()
[INFO] [stdout]    --> src/base64/base64.rs:110:66
[INFO] [stdout]     |
[INFO] [stdout] 110 | ...                   Error::description(&why)),
[INFO] [stdout]     |                       ^^^^^^^^^^^^^^^^^^
[INFO] [stdout] 
[INFO] [stdout] 
[INFO] [stdout] error[E0599]: no method named `decode` found for struct `Docopt` in the current scope
[INFO] [stdout]   --> src/touch/touch.rs:59:46
[INFO] [stdout]    |
[INFO] [stdout] 59 | ...                   .and_then(|d| d.decode())
[INFO] [stdout]    |                                       ^^^^^^ method not found in `Docopt`
[INFO] [stdout] 
[INFO] [stdout] 
[INFO] [stdout] error[E0599]: no method named `decode` found for struct `Docopt` in the current scope
[INFO] [stdout]   --> src/base64/base64.rs:50:25
[INFO] [stdout]    |
[INFO] [stdout] 50 |                              .and_then(|d| d.decode())
[INFO] [stdout]    |                                              ^^^^^^ method not found in `Docopt`
[INFO] [stdout] 
[INFO] [stdout] 
[INFO] [stdout] error[E0599]: no method named `decode` found for struct `Docopt` in the current scope
[INFO] [stdout]   --> src/base64/base64.rs:50:25
[INFO] [stdout]    |
[INFO] [stdout] 50 |                              .and_then(|d| d.decode())
[INFO] [stdout]    |                                              ^^^^^^ method not found in `Docopt`
[INFO] [stdout] 
[INFO] [stdout] 
[INFO] [stdout] error: aborting due to 2 previous errors
[INFO] [stdout] 
[INFO] [stdout] 
[INFO] [stdout] Some errors have detailed explanations: E0425, E0599.
[INFO] [stdout] 
[INFO] [stdout] For more information about an error, try `rustc --explain E0425`.
[INFO] [stdout] 
[INFO] [stdout] error: aborting due to previous error; 2 warnings emitted
[INFO] [stdout] 
[INFO] [stdout] 
[INFO] [stdout] For more information about this error, try `rustc --explain E0599`.
[INFO] [stdout] 
[INFO] [stderr] error: could not compile `rust-coreutils`.
[INFO] [stderr] 
[INFO] [stderr] To learn more, run the command again with --verbose.
[INFO] [stderr] warning: build failed, waiting for other jobs to finish...
[INFO] [stdout] error[E0599]: no method named `decode` found for struct `Docopt` in the current scope
[INFO] [stdout]   --> src/touch/touch.rs:59:46
[INFO] [stdout]    |
[INFO] [stdout] 59 | ...                   .and_then(|d| d.decode())
[INFO] [stdout]    |                                       ^^^^^^ method not found in `Docopt`
[INFO] [stdout] 
[INFO] [stdout] 
[INFO] [stdout] error: aborting due to previous error; 2 warnings emitted
[INFO] [stdout] 
[INFO] [stdout] 
[INFO] [stdout] For more information about this error, try `rustc --explain E0599`.
[INFO] [stdout] 
[INFO] [stdout] error: aborting due to 2 previous errors
[INFO] [stdout] 
[INFO] [stdout] 
[INFO] [stdout] Some errors have detailed explanations: E0425, E0599.
[INFO] [stdout] 
[INFO] [stdout] For more information about an error, try `rustc --explain E0425`.
[INFO] [stdout] 
[INFO] [stderr] error: build failed
[INFO] running `Command { std: "docker" "inspect" "0bbee9d0f1164d5b69b8493332edc7ed6d893f770655df8b0c5ca4633c1d08a4", kill_on_drop: false }`
[INFO] running `Command { std: "docker" "rm" "-f" "0bbee9d0f1164d5b69b8493332edc7ed6d893f770655df8b0c5ca4633c1d08a4", kill_on_drop: false }`
[INFO] [stdout] 0bbee9d0f1164d5b69b8493332edc7ed6d893f770655df8b0c5ca4633c1d08a4
